False
Is 121557 composite?
True
Is 44691151 composite?
False
Is 631643083 a composite number?
False
Is 1900771 a prime number?
False
Is 572267 a composite number?
True
Is 129170633 a prime number?
False
Is 4507883 a composite number?
True
Is 7327511 a prime number?
True
Is 2126249 a composite number?
False
Is 9921297 a prime number?
False
Is 250853 prime?
True
Is 256089 a composite number?
True
Is 397181 a prime number?
True
Is 801659 prime?
False
Is 17318923 a composite number?
True
Is 201841103 composite?
True
Is 84827671 a composite number?
True
Is 40482227 composite?
False
Is 17117899 composite?
False
Is 3346457 prime?
True
Is 66797567 a prime number?
True
Is 31131247 composite?
True
Is 279477779 a composite number?
True
Is 4794137 a composite number?
True
Is 120572693 composite?
True
Is 393372989 prime?
False
Is 4217659 prime?
False
Is 183982261 a prime number?
True
Is 3676889 prime?
True
Is 19963799 a prime number?
False
Is 9135701 composite?
False
Is 745373 a prime number?
False
Is 645838 composite?
True
Is 3391341 a prime number?
False
Is 864133 prime?
False
Is 2700979 prime?
True
Is 10080011 a composite number?
False
Is 8203447 a prime number?
False
Is 39267827 prime?
False
Is 8272006 a composite number?
True
Is 224563 a composite number?
False
Is 991127 prime?
True
Is 4819219 a prime number?
False
Is 605113 composite?
False
Is 108569977 a composite number?
True
Is 92656931 a prime number?
True
Is 373864321 prime?
True
Is 77228149 prime?
True
Is 71096723 composite?
False
Is 153895579 prime?
True
Is 8789911 a composite number?
True
Is 2199777251 prime?
False
Is 5680877 a prime number?
True
Is 3622961 a composite number?
True
Is 327779843 composite?
False
Is 1884605 composite?
True
Is 1297973 composite?
False
Is 99547627 prime?
False
Is 156307 composite?
False
Is 235991 composite?
True
Is 566311 prime?
True
Is 15131497 prime?
True
Is 27657763 a composite number?
True
Is 18366603 prime?
False
Is 28688657 composite?
True
Is 4728761 a composite number?
False
Is 239261573 a composite number?
True
Is 1754101 prime?
False
Is 1567513 a prime number?
True
Is 39739027 composite?
False
Is 774167 composite?
True
Is 10977559 composite?
False
Is 3529749 a composite number?
True
Is 36108899 prime?
False
Is 2049847 a prime number?
True
Is 5755999 prime?
True
Is 32977353 composite?
True
Is 679061 a composite number?
True
Is 4669453 composite?
True
Is 380879 composite?
False
Is 11154727 a prime number?
True
Is 40474303 a prime number?
True
Is 56304539 a composite number?
False
Is 6508465 a composite number?
True
Is 7863977 composite?
True
Is 17651951 a composite number?
True
Is 178764515 a prime number?
False
Is 111713339 composite?
False
Is 18133853 composite?
True
Is 3277459 a prime number?
False
Is 16297313 prime?
True
Is 113793727 composite?
True
Is 834797 prime?
True
Is 2776441 prime?
False
Is 574401539 a prime number?
True
Is 47235101 a prime number?
True
Is 22507469 composite?
False
Is 3237643 prime?
True
Is 63363227 prime?
False
Is 83517851 a prime number?
True
Is 3152407 a prime number?
False
Is 11759467 a prime number?
False
Is 61381093 a composite number?
False
Is 277443059 a composite number?
False
Is 46967881 a composite number?
True
Is 43004926 prime?
False
Is 121123 prime?
True
Is 1875467 a prime number?
False
Is 3218693 composite?
False
Is 1328387 a composite number?
False
Is 18662887 a composite number?
True
Is 608935 a prime number?
False
Is 12611197 prime?
True
Is 14423149 prime?
False
Is 1858919 prime?
True
Is 1434107 a prime number?
True
Is 20486945 a prime number?
False
Is 41671139 composite?
True
Is 24259613 a prime number?
False
Is 4606027 composite?
True
Is 638263 a prime number?
True
Is 74974693 composite?
True
Is 2104259 a prime number?
False
Is 17404973 a prime number?
False
Is 25240939 composite?
False
Is 21262601 a prime number?
True
Is 9342239 a composite number?
False
Is 462067013 prime?
True
Is 1001659 a prime number?
True
Is 81781873 prime?
True
Is 28325699 composite?
True
Is 12715817 composite?
False
Is 45606641 prime?
True
Is 7393411 prime?
True
Is 25399513 a composite number?
True
Is 7552169 prime?
True
Is 99007877 a prime number?
True
Is 468704443 a composite number?
False
Is 11425163 a composite number?
False
Is 106970421 composite?
True
Is 3670463 composite?
False
Is 7509157 a prime number?
True
Is 16436573 prime?
False
Is 84363343 a prime number?
True
Is 77804227 composite?
True
Is 1269641 a prime number?
True
Is 8044601 a prime number?
True
Is 167009 composite?
False
Is 4041151 a prime number?
True
Is 99862787 a composite number?
False
Is 3616607 a composite number?
True
Is 76826951 a prime number?
True
Is 181755047 prime?
True
Is 154266829 composite?
False
Is 114840813 a prime number?
False
Is 2592409 a prime number?
True
Is 286700501 a composite number?
False
Is 15980333 a composite number?
False
Is 18483617 a composite number?
False
Is 2162441 a prime number?
True
Is 740899 prime?
False
Is 22334269 a composite number?
True
Is 1620229 a prime number?
False
Is 1335661 prime?
True
Is 9763319 a prime number?
True
Is 30267309 composite?
True
Is 11631567 composite?
True
Is 57134963 a prime number?
True
Is 169711501 a composite number?
True
Is 40427407 a prime number?
True
Is 74222517 a prime number?
False
Is 1163821 prime?
True
Is 25204687 composite?
False
Is 1723037 a prime number?
True
Is 27731365 a composite number?
True
Is 14870867 a prime number?
False
Is 1797863 a prime number?
False
Is 16602449 composite?
False
Is 90936097 a composite number?
True
Is 1162596431 a composite number?
False
Is 597960955 composite?
True
Is 6908969 composite?
False
Is 1993181 a prime number?
False
Is 10142263 a composite number?
True
Is 23554283 prime?
True
Is 35523491 prime?
True
Is 63781847 a prime number?
False
Is 23264593 prime?
False
Is 9867959 a prime number?
True
Is 96400007 composite?
True
Is 9035683 composite?
False
Is 6363254 a composite number?
True
Is 904241 prime?
False
Is 17490269 prime?
False
Is 30596278 prime?
False
Is 601127 prime?
True
Is 105238213 composite?
False
Is 153991507 prime?
False
Is 307513 prime?
False
Is 1593283 a prime number?
False
Is 5790063 a prime number?
False
Is 14130191 composite?
False
Is 8303821 a prime number?
True
Is 103534427 composite?
True
Is 4118701 prime?
False
Is 264487 a prime number?
True
Is 95494093 a prime number?
True
Is 369323 a composite number?
True
Is 901841 prime?
True
Is 174634673 composite?
True
Is 115579 prime?
False
Is 1126963 a composite number?
False
Is 52838881 prime?
True
Is 163145063 a composite number?
False
Is 6242261 composite?
False
Is 50299931 composite?
True
Is 1469389 prime?
True
Is 3027229 a composite number?
True
Is 15598871 composite?
False
Is 7121263 composite?
False
Is 550831 a prime number?
True
Is 11036657 a composite number?
False
Is 127866509 composite?
False
Is 27232307 composite?
False
Is 693123827 a prime number?
False
Is 110589827 a prime number?
True
Is 237570631 a prime number?
False
Is 9148267 a composite number?
False
Is 151998953 a composite number?
False
Is 865333 a composite number?
True
Is 2798363 a composite number?
False
Is 6027487 a composite number?
False
Is 194591 a composite number?
False
Is 38573503 prime?
False
Is 97789117 prime?
False
Is 428257 prime?
False
Is 257866229 a composite number?
True
Is 66654311 composite?
True
Is 5552143 composite?
True
Is 110697 prime?
False
Is 91195681 composite?
False
Is 74140789 a composite number?
True
Is 1179883 a prime number?
True
Is 17675527 composite?
False
Is 738523 composite?
False
Is 4131539 prime?
True
Is 3649937 composite?
True
Is 68016787 prime?
True
Is 34656949 a prime number?
True
Is 587032377 composite?
True
Is 58658255 prime?
False
Is 37221293 a composite number?
False
Is 32503027 composite?
False
Is 5169709 composite?
True
Is 1868591 a composite number?
False
Is 8504521 prime?
False
Is 56898557 a composite number?
False
Is 142139707 a composite number?
False
Is 183974297 a prime number?
False
Is 459639011 composite?
True
Is 1405897 composite?
True
Is 500653 composite?
True
Is 46494809 a prime number?
True
Is 1438651 composite?
True
Is 50102099 composite?
False
Is 2268793 a prime number?
True
Is 11835773 composite?
True
Is 793221145 a composite number?
True
Is 162865 a compos